{"id":4557,"date":"2017-10-22T19:28:01","date_gmt":"2017-10-22T17:28:01","guid":{"rendered":"http:\/\/www.speedislife.at\/blog\/?page_id=4557"},"modified":"2024-08-31T21:02:05","modified_gmt":"2024-08-31T19:02:05","slug":"vw-golf-1-cabrio","status":"publish","type":"page","link":"https:\/\/www.speedislife.at\/blog\/?page_id=4557","title":{"rendered":"VW Golf 1 Cabrio"},"content":{"rendered":"\n<p>VW Golf 1 Cabrio (Typ 155)<\/p>\n\n\n\n<p>Baujahr: 1989 (\u00f6sterreichische Erstauslieferung) \/ 95 PS \/ 1.781&nbsp;cm\u00b3 \/ graphitmetallic<br>Kilometerstand: 201.000<br>Pickerlgutachten bis 03\/2025<\/p>\n\n\n\n<p>Historie nachvollziehbar; Der Wagen ist (noch) nicht historisch typisiert;<\/p>\n\n\n\n<p><strong>Neuteile:<\/strong> Lackierung, Tank, Aussendach, Mengenteiler, Bremsscheiben, Domstrebe, Lautsprecher, Reifen, Scheinwerfer, Lenkrad, Kupplung, Auspuffkr\u00fcmmer, Zahnriemen, Wasserpumpe, Lambdasonde, Sto\u00dfd\u00e4mpfer, Fahrwerksfedern, Auspuffendtopf, etc. (s\u00e4mtliche Rechnungen vorhanden)<\/p>\n\n\n\n<p><strong>Reparaturen:<\/strong> Radio, Multifuntionsanzeige, Instrumentenbeleuchtung, Polsterung, etc.<\/p>\n\n\n\n<p><strong>Gro\u00dfe Motorrevision:<\/strong> Block feinbohren, honen u. planen; Kurbelwelle polieren, Zylinderkopf planen; Kolben neu; Pleuellager neu; Hauptlager neu; Anlaufscheiben neu; Ventilf\u00fchrungen neu; Nebenwellenlager neu; Hydrost\u00f6ssel neu;<\/p>\n\n\n\n<p>Felgen: VW BBS 2-teilig<\/p>\n\n\n\n<p>Fahrzeug unverbastelt, kein Unterbodenschutz, rostfrei, nur Sommerfahrzeug<\/p>\n\n\n\n<p>VB: 16.500,&#8211; EUR \/ Kontakt: <a href=\"mailto:w.mueller@speedislife.at\"><strong>w.mueller@speedislife.at<\/strong><\/a> \/ Standort: Graz<\/p>\n\n\n\n<div class=\"wp-block-envira-envira-gallery\"><div id=\"envira-gallery-wrap-10590\" class=\"envira-gallery-wrap envira-gallery-theme-base envira-lightbox-theme-base\" itemscope itemtype=\"https:\/\/schema.org\/ImageGallery\"><div data-row-height=\"\" data-gallery-theme=\"\" id=\"envira-gallery-10590\" class=\"envira-gallery-public  envira-gallery-4-columns envira-clear enviratope envira-gallery-css-animations\" data-envira-columns=\"4\"><div id=\"envira-gallery-item-4563\" class=\"envira-gallery-item enviratope-item envira-gallery-item-1 envira-lazy-load\" style=\"padding-left: 5px; padding-bottom: 10px; padding-right: 5px;\"  itemscope itemtype=\"https:\/\/schema.org\/ImageObject\"><div class=\"envira-gallery-item-inner\"><div class=\"envira-gallery-position-overlay  envira-gallery-top-left\"><\/div><div class=\"envira-gallery-position-overlay  envira-gallery-top-right\"><\/div><div class=\"envira-gallery-position-overlay  envira-gallery-bottom-left\"><\/div><div class=\"envira-gallery-position-overlay  envira-gallery-bottom-right\"><\/div><a href=\"https:\/\/www.speedislife.at\/blog\/wp-content\/uploads\/2017\/10\/2015-18_ergebnis.jpg\" class=\"envira-gallery-10590 envira-gallery-link\" rel=\"enviragallery10590\" title=\"Golf Cabrio\" data-envira-caption=\"Golf Cabrio\" data-envira-retina=\"\" data-thumbnail=\"\"  itemprop=\"contentUrl\"><div class=\"envira-lazy\" data-test-width=\"640\" data-test-height=\"480\" style=\"padding-bottom:75%;\"><img decoding=\"async\" id=\"envira-gallery-image-4563\" class=\"envira-gallery-image envira-gallery-image-1\" data-envira-index=\"1\" src=\"https:\/\/www.speedislife.at\/blog\/wp-content\/uploads\/2017\/10\/2015-18_ergebnis-800x533-640x480.jpg\" data-envira-src=\"https:\/\/www.speedislife.at\/blog\/wp-content\/uploads\/2017\/10\/2015-18_ergebnis-800x533-640x480.jpg\" data-envira-gallery-id=\"10590\" data-envira-item-id=\"4563\" data-envira-caption=\"Golf Cabrio\" alt=\"\" title=\"Golf Cabrio\"  itemprop=\"thumbnailUrl\" data-envira-srcset=\"https:\/\/www.speedislife.at\/blog\/wp-content\/uploads\/2017\/10\/2015-18_ergebnis-800x533-640x480.jpg 400w,https:\/\/www.speedislife.at\/blog\/wp-content\/uploads\/2017\/10\/2015-18_ergebnis-800x533-640x480.jpg 2x\" srcset=\"data:image\/gif;base64,R0lGODlhAQABAIAAAP\/\/\/\/\/\/\/yH5BAEKAAEALAAAAAABAAEAAAICTAEAOw==\" \/><\/div><\/a><\/div><\/div><div id=\"envira-gallery-item-4565\" class=\"envira-gallery-item enviratope-item envira-gallery-item-2 envira-lazy-load\" style=\"padding-left: 5px; padding-bottom: 10px; padding-right: 5px;\"  itemscope itemtype=\"https:\/\/schema.org\/ImageObject\"><div class=\"envira-gallery-item-inner\"><div class=\"envira-gallery-position-overlay  envira-gallery-top-left\"><\/div><div class=\"envira-gallery-position-overlay  envira-gallery-top-right\"><\/div><div class=\"envira-gallery-position-overlay  envira-gallery-bottom-left\"><\/div><div class=\"envira-gallery-position-overlay  envira-gallery-bottom-right\"><\/div><a href=\"https:\/\/www.speedislife.at\/blog\/wp-content\/uploads\/2017\/10\/2015-6_ergebnis.jpg\" class=\"envira-gallery-10590 envira-gallery-link\" rel=\"enviragallery10590\" title=\"Golf Cabrio\" data-envira-caption=\"Golf Cabrio\" data-envira-retina=\"\" data-thumbnail=\"\"  itemprop=\"contentUrl\"><div class=\"envira-lazy\" data-test-width=\"640\" data-test-height=\"480\" style=\"padding-bottom:75%;\"><img decoding=\"async\" id=\"envira-gallery-image-4565\" class=\"envira-gallery-image envira-gallery-image-2\" data-envira-index=\"2\" src=\"https:\/\/www.speedislife.at\/blog\/wp-content\/uploads\/2017\/10\/2015-6_ergebnis-800x533-640x480.jpg\" data-envira-src=\"https:\/\/www.speedislife.at\/blog\/wp-content\/uploads\/2017\/10\/2015-6_ergebnis-800x533-640x480.jpg\" data-envira-gallery-id=\"10590\" data-envira-item-id=\"4565\" data-envira-caption=\"Golf Cabrio\" alt=\"\" title=\"Golf Cabrio\"  itemprop=\"thumbnailUrl\" data-envira-srcset=\"https:\/\/www.speedislife.at\/blog\/wp-content\/uploads\/2017\/10\/2015-6_ergebnis-800x533-640x480.jpg 400w,https:\/\/www.speedislife.at\/blog\/wp-content\/uploads\/2017\/10\/2015-6_ergebnis-800x533-640x480.jpg 2x\" srcset=\"data:image\/gif;base64,R0lGODlhAQABAIAAAP\/\/\/\/\/\/\/yH5BAEKAAEALAAAAAABAAEAAAICTAEAOw==\" \/><\/div><\/a><\/div><\/div><div id=\"envira-gallery-item-4564\" class=\"envira-gallery-item enviratope-item envira-gallery-item-3 envira-lazy-load\" style=\"padding-left: 5px; padding-bottom: 10px; padding-right: 5px;\"  itemscope itemtype=\"https:\/\/schema.org\/ImageObject\"><div class=\"envira-gallery-item-inner\"><div class=\"envira-gallery-position-overlay  envira-gallery-top-left\"><\/div><div class=\"envira-gallery-position-overlay  envira-gallery-top-right\"><\/div><div class=\"envira-gallery-position-overlay  envira-gallery-bottom-left\"><\/div><div class=\"envira-gallery-position-overlay  envira-gallery-bottom-right\"><\/div><a href=\"https:\/\/www.speedislife.at\/blog\/wp-content\/uploads\/2017\/10\/2015-5_ergebnis.jpg\" class=\"envira-gallery-10590 envira-gallery-link\" rel=\"enviragallery10590\" title=\"Golf Cabrio\" data-envira-caption=\"Golf Cabrio\" data-envira-retina=\"\" data-thumbnail=\"\"  itemprop=\"contentUrl\"><div class=\"envira-lazy\" data-test-width=\"640\" data-test-height=\"480\" style=\"padding-bottom:75%;\"><img decoding=\"async\" id=\"envira-gallery-image-4564\" class=\"envira-gallery-image envira-gallery-image-3\" data-envira-index=\"3\" src=\"https:\/\/www.speedislife.at\/blog\/wp-content\/uploads\/2017\/10\/2015-5_ergebnis-800x533-640x480.jpg\" data-envira-src=\"https:\/\/www.speedislife.at\/blog\/wp-content\/uploads\/2017\/10\/2015-5_ergebnis-800x533-640x480.jpg\" data-envira-gallery-id=\"10590\" data-envira-item-id=\"4564\" data-envira-caption=\"Golf Cabrio\" alt=\"\" title=\"Golf Cabrio\"  itemprop=\"thumbnailUrl\" data-envira-srcset=\"https:\/\/www.speedislife.at\/blog\/wp-content\/uploads\/2017\/10\/2015-5_ergebnis-800x533-640x480.jpg 400w,https:\/\/www.speedislife.at\/blog\/wp-content\/uploads\/2017\/10\/2015-5_ergebnis-800x533-640x480.jpg 2x\" srcset=\"data:image\/gif;base64,R0lGODlhAQABAIAAAP\/\/\/\/\/\/\/yH5BAEKAAEALAAAAAABAAEAAAICTAEAOw==\" \/><\/div><\/a><\/div><\/div><div id=\"envira-gallery-item-4566\" class=\"envira-gallery-item enviratope-item envira-gallery-item-4 envira-lazy-load\" style=\"padding-left: 5px; padding-bottom: 10px; padding-right: 5px;\"  itemscope itemtype=\"https:\/\/schema.org\/ImageObject\"><div class=\"envira-gallery-item-inner\"><div class=\"envira-gallery-position-overlay  envira-gallery-top-left\"><\/div><div class=\"envira-gallery-position-overlay  envira-gallery-top-right\"><\/div><div class=\"envira-gallery-position-overlay  envira-gallery-bottom-left\"><\/div><div class=\"envira-gallery-position-overlay  envira-gallery-bottom-right\"><\/div><a href=\"https:\/\/www.speedislife.at\/blog\/wp-content\/uploads\/2017\/10\/2015-14_ergebnis.jpg\" class=\"envira-gallery-10590 envira-gallery-link\" rel=\"enviragallery10590\" title=\"Golf Cabrio\" data-envira-caption=\"Golf Cabrio\" data-envira-retina=\"\" data-thumbnail=\"\"  itemprop=\"contentUrl\"><div class=\"envira-lazy\" data-test-width=\"640\" data-test-height=\"480\" style=\"padding-bottom:75%;\"><img decoding=\"async\" id=\"envira-gallery-image-4566\" class=\"envira-gallery-image envira-gallery-image-4\" data-envira-index=\"4\" src=\"https:\/\/www.speedislife.at\/blog\/wp-content\/uploads\/2017\/10\/2015-14_ergebnis-800x533-640x480.jpg\" data-envira-src=\"https:\/\/www.speedislife.at\/blog\/wp-content\/uploads\/2017\/10\/2015-14_ergebnis-800x533-640x480.jpg\" data-envira-gallery-id=\"10590\" data-envira-item-id=\"4566\" data-envira-caption=\"Golf Cabrio\" alt=\"\" title=\"Golf Cabrio\"  itemprop=\"thumbnailUrl\" data-envira-srcset=\"https:\/\/www.speedislife.at\/blog\/wp-content\/uploads\/2017\/10\/2015-14_ergebnis-800x533-640x480.jpg 400w,https:\/\/www.speedislife.at\/blog\/wp-content\/uploads\/2017\/10\/2015-14_ergebnis-800x533-640x480.jpg 2x\" srcset=\"data:image\/gif;base64,R0lGODlhAQABAIAAAP\/\/\/\/\/\/\/yH5BAEKAAEALAAAAAABAAEAAAICTAEAOw==\" \/><\/div><\/a><\/div><\/div><\/div><\/div><noscript><img decoding=\"async\" src=\"https:\/\/www.speedislife.at\/blog\/wp-content\/uploads\/2017\/10\/2015-18_ergebnis.jpg\" alt=\"\" \/><img decoding=\"async\" src=\"https:\/\/www.speedislife.at\/blog\/wp-content\/uploads\/2017\/10\/2015-6_ergebnis.jpg\" alt=\"\" \/><img decoding=\"async\" src=\"https:\/\/www.speedislife.at\/blog\/wp-content\/uploads\/2017\/10\/2015-5_ergebnis.jpg\" alt=\"\" \/><img decoding=\"async\" src=\"https:\/\/www.speedislife.at\/blog\/wp-content\/uploads\/2017\/10\/2015-14_ergebnis.jpg\" alt=\"\" \/><\/noscript><\/div>\n\n\n\n<p>Weitere Infos und Fotos zur Restauration finden sich <a href=\"https:\/\/www.speedislife.at\/blog\/?p=3021\" target=\"_blank\" rel=\"noopener noreferrer\"><strong>hier<\/strong><\/a>!<\/p>\n\n\n\n<p><\/p>\n","protected":false},"excerpt":{"rendered":"<p>VW Golf 1 Cabrio (Typ 155) Baujahr: 1989 (\u00f6sterreichische Erstauslieferung) \/ 95 PS \/ 1.781&nbsp;cm\u00b3 \/ graphitmetallicKilometerstand: 201.000Pickerlgutachten bis 03\/2025<\/p>\n","protected":false},"author":1,"featured_media":0,"parent":0,"menu_order":0,"comment_status":"closed","ping_status":"closed","template":"","meta":{"footnotes":""},"class_list":["post-4557","page","type-page","status-publish","hentry"],"_links":{"self":[{"href":"https:\/\/www.speedislife.at\/blog\/index.php?rest_route=\/wp\/v2\/pages\/4557","targetHints":{"allow":["GET"]}}],"collection":[{"href":"https:\/\/www.speedislife.at\/blog\/index.php?rest_route=\/wp\/v2\/pages"}],"about":[{"href":"https:\/\/www.speedislife.at\/blog\/index.php?rest_route=\/wp\/v2\/types\/page"}],"author":[{"embeddable":true,"href":"https:\/\/www.speedislife.at\/blog\/index.php?rest_route=\/wp\/v2\/users\/1"}],"replies":[{"embeddable":true,"href":"https:\/\/www.speedislife.at\/blog\/index.php?rest_route=%2Fwp%2Fv2%2Fcomments&post=4557"}],"version-history":[{"count":26,"href":"https:\/\/www.speedislife.at\/blog\/index.php?rest_route=\/wp\/v2\/pages\/4557\/revisions"}],"predecessor-version":[{"id":10596,"href":"https:\/\/www.speedislife.at\/blog\/index.php?rest_route=\/wp\/v2\/pages\/4557\/revisions\/10596"}],"wp:attachment":[{"href":"https:\/\/www.speedislife.at\/blog\/index.php?rest_route=%2Fwp%2Fv2%2Fmedia&parent=4557"}],"curies":[{"name":"wp","href":"https:\/\/api.w.org\/{rel}","templated":true}]}}